{"id":3434,"date":"2025-01-23T14:13:10","date_gmt":"2025-01-23T13:13:10","guid":{"rendered":"https:\/\/auxmainsdecoco.fr\/?page_id=3434"},"modified":"2025-01-23T16:07:48","modified_gmt":"2025-01-23T15:07:48","slug":"atelier-de-massage-bien-etre-apprenez-a-masser","status":"publish","type":"page","link":"https:\/\/auxmainsdecoco.fr\/?page_id=3434","title":{"rendered":"Atelier de Massage Bien-\u00catre : Apprenez \u00e0 Masser"},"content":{"rendered":"\n<div class=\"wp-block-group alignfull is-style-default is-content-justification-center\" style=\"margin-top:0;margin-bottom:0;padding-top:var(--wp--preset--spacing--40);padding-bottom:var(--wp--preset--spacing--70)\"><div class=\"wp-block-group__inner-container is-layout-constrained wp-block-group-is-layout-constrained\">\n<div class=\"wp-block-group alignwide\"><div class=\"wp-block-group__inner-container is-layout-constrained wp-block-group-is-layout-constrained\">\n<h2 class=\"wp-block-heading has-text-align-center\">2 Possibilit\u00e9s pour vous<\/h2>\n\n\n\n<p class=\"has-text-align-center wp-block-paragraph\">Apprenez \u00e0 masser \u00e0 travers cet atelier.<\/p>\n\n\n\n<p class=\"has-text-align-center has-custom-lineheight has-custom-letterspacing wp-block-paragraph\" style=\"line-height:1.27;letter-spacing:-0.4px\">Je vous propose un atelier initiatique aux gestes de massage bien-\u00eatre dans le cadre d\u2019une pratique de loisir.<\/p>\n\n\n\n<p class=\"has-text-align-center wp-block-paragraph\">Appr\u00e9hender l\u2019art du toucher!<\/p>\n\n\n\n<p class=\"has-text-align-center wp-block-paragraph\">Une s\u00e9ance sur-mesure : apprentissage des gestes sur les zones de votre choix <\/p>\n\n\n\n<p class=\"has-text-align-center wp-block-paragraph\">(visage-t\u00eate-dos-jambes-pieds)<\/p>\n\n\n\n<p class=\"has-text-align-center wp-block-paragraph\">PARFAIT POUR LES COUPLES \ud83d\ude09<\/p>\n\n\n\n<p class=\"has-text-align-center wp-block-paragraph\"><font style=\"vertical-align: inherit;\"><font style=\"vertical-align: inherit;\"><font style=\"vertical-align: inherit;\"><font style=\"vertical-align: inherit;\">PRENDRE <\/font><\/font> <\/font><\/font> <font style=\"vertical-align: inherit;\"><font style=\"vertical-align: inherit;\"><font style=\"vertical-align: inherit;\"><font style=\"vertical-align: inherit;\">RDV <\/font><\/font> <\/font><\/font> <font style=\"vertical-align: inherit;\"><font style=\"vertical-align: inherit;\"><font style=\"vertical-align: inherit;\"><font style=\"vertical-align: inherit;\">AVEC NOUS PAR MAIL auxmainsdecoco @gmail.com<\/font><\/font><\/font><\/font><\/p>\n<\/div><\/div>\n\n\n\n<div class=\"wp-block-group alignwide\"><div class=\"wp-block-group__inner-container is-layout-flow wp-block-group-is-layout-flow\">\n<div class=\"wp-block-group\"><div class=\"wp-block-group__inner-container is-layout-flow wp-block-group-is-layout-flow\">\n<div class=\"wp-block-columns alignwide is-layout-flex wp-container-core-columns-is-layout-4a565656 wp-block-columns-is-layout-flex\">\n<div class=\"wp-block-column is-style-default is-layout-flow wp-block-column-is-layout-flow\" style=\"padding-top:var(--wp--preset--spacing--40);padding-right:var(--wp--preset--spacing--40);padding-bottom:var(--wp--preset--spacing--40);padding-left:var(--wp--preset--spacing--40)\">\n<div class=\"wp-block-group\"><div class=\"wp-block-group__inner-container is-layout-constrained wp-block-group-is-layout-constrained\">\n<h3 class=\"wp-block-heading has-text-align-center is-pricing-tier-name has-small-font-size\">Individuel 2h<\/h3>\n\n\n\n<p class=\"has-text-align-center is-pricing-tier-price has-xx-large-font-size wp-block-paragraph\"><font style=\"vertical-align: inherit;\"><font style=\"vertical-align: inherit;\"><strong>100 \u20ac<\/strong><\/font><\/font><\/p>\n\n\n\n<p class=\"has-text-align-center is-pricing-tier-price wp-block-paragraph\"><font style=\"vertical-align: inherit;\"><font style=\"vertical-align: inherit;\">Vous apprenez <\/font><\/font> <font style=\"vertical-align: inherit;\"><font style=\"vertical-align: inherit;\">\u00e0 <\/font><\/font> <font style=\"vertical-align: inherit;\"><font style=\"vertical-align: inherit;\">masser <\/font><\/font> <font style=\"vertical-align: inherit;\"><font style=\"vertical-align: inherit;\">sur <\/font><\/font> <font style=\"vertical-align: inherit;\"><font style=\"vertical-align: inherit;\">votre <\/font><\/font> <font style=\"vertical-align: inherit;\"><font style=\"vertical-align: inherit;\">partenaire .<\/font><\/font><\/p>\n<\/div><\/div>\n\n\n\n<div class=\"wp-block-buttons is-layout-flex wp-block-buttons-is-layout-flex\">\n<div class=\"wp-block-button has-custom-width wp-block-button__width-100 is-style-fill\"><a class=\"wp-block-button__link wp-element-button\" href=\"auxmainsdecoco@gmail.com\">S\u2019inscrire<\/a><\/div>\n<\/div>\n<\/div>\n\n\n\n<div class=\"wp-block-column is-style-section-3 is-layout-flow wp-block-column-is-layout-flow\" style=\"padding-top:var(--wp--preset--spacing--40);padding-right:var(--wp--preset--spacing--40);padding-bottom:var(--wp--preset--spacing--40);padding-left:var(--wp--preset--spacing--40)\">\n<div class=\"wp-block-group\"><div class=\"wp-block-group__inner-container is-layout-constrained wp-block-group-is-layout-constrained\">\n<h3 class=\"wp-block-heading has-text-align-center is-pricing-tier-name has-small-font-size\">En Duo 3h<\/h3>\n\n\n\n<p class=\"has-text-align-center is-pricing-tier-price has-xx-large-font-size wp-block-paragraph\"><strong>150\u20ac<\/strong><\/p>\n\n\n\n<p class=\"has-text-align-center is-pricing-tier-price wp-block-paragraph\"><font style=\"vertical-align: inherit;\"><font style=\"vertical-align: inherit;\">Vous apprendrez <\/font><\/font> <font style=\"vertical-align: inherit;\"><font style=\"vertical-align: inherit;\">\u00e0 <\/font><\/font> <font style=\"vertical-align: inherit;\"><font style=\"vertical-align: inherit;\">masser <\/font><\/font> <font style=\"vertical-align: inherit;\"><font style=\"vertical-align: inherit;\">et<\/font><\/font><\/p>\n\n\n\n<p class=\"has-text-align-center is-pricing-tier-price wp-block-paragraph\">vous pratiquez chacun votre tour.<\/p>\n<\/div><\/div>\n\n\n\n<div class=\"wp-block-buttons is-layout-flex wp-block-buttons-is-layout-flex\">\n<div class=\"wp-block-button has-custom-width wp-block-button__width-100 is-style-fill\"><a class=\"wp-block-button__link wp-element-button\" href=\"auxmainsdecoco@gmail.com\"><font style=\"vertical-align: inherit;\"><font style=\"vertical-align: inherit;\">S&rsquo;inscrire<\/font><\/font><\/a><\/div>\n<\/div>\n<\/div>\n<\/div>\n<\/div><\/div>\n<\/div><\/div>\n<\/div><\/div>\n\n\n\n<div class=\"wp-block-group alignfull is-style-section-1 is-content-justification-center\" style=\"margin-top:0;margin-bottom:0;padding-top:var(--wp--preset--spacing--80);padding-bottom:var(--wp--preset--spacing--80)\"><div class=\"wp-block-group__inner-container is-layout-constrained wp-container-core-group-is-layout-24e1a758 wp-block-group-is-layout-constrained\"><div class=\"wp-block-image is-style-rounded\">\n<figure class=\"aligncenter size-full is-resized\"><img data-recalc-dims=\"1\" loading=\"lazy\" decoding=\"async\" width=\"767\" height=\"575\" data-attachment-id=\"3419\" data-permalink=\"https:\/\/auxmainsdecoco.fr\/?attachment_id=3419\" data-orig-file=\"https:\/\/i0.wp.com\/auxmainsdecoco.fr\/wp-content\/uploads\/2025\/01\/image.png?fit=1024%2C768&amp;ssl=1\" data-orig-size=\"1024,768\" data-comments-opened=\"1\" data-image-meta=\"{&quot;aperture&quot;:&quot;0&quot;,&quot;credit&quot;:&quot;&quot;,&quot;camera&quot;:&quot;&quot;,&quot;caption&quot;:&quot;&quot;,&quot;created_timestamp&quot;:&quot;0&quot;,&quot;copyright&quot;:&quot;&quot;,&quot;focal_length&quot;:&quot;0&quot;,&quot;iso&quot;:&quot;0&quot;,&quot;shutter_speed&quot;:&quot;0&quot;,&quot;title&quot;:&quot;&quot;,&quot;orientation&quot;:&quot;0&quot;}\" data-image-title=\"image\" data-image-description=\"\" data-image-caption=\"\" data-medium-file=\"https:\/\/i0.wp.com\/auxmainsdecoco.fr\/wp-content\/uploads\/2025\/01\/image.png?fit=300%2C225&amp;ssl=1\" data-large-file=\"https:\/\/i0.wp.com\/auxmainsdecoco.fr\/wp-content\/uploads\/2025\/01\/image.png?fit=767%2C575&amp;ssl=1\" src=\"https:\/\/i0.wp.com\/auxmainsdecoco.fr\/wp-content\/uploads\/2025\/01\/image.png?resize=767%2C575&#038;ssl=1\" alt=\"\" class=\"wp-image-3419\" style=\"object-fit:cover;width:98px;height:auto\" srcset=\"https:\/\/i0.wp.com\/auxmainsdecoco.fr\/wp-content\/uploads\/2025\/01\/image.png?w=1024&amp;ssl=1 1024w, https:\/\/i0.wp.com\/auxmainsdecoco.fr\/wp-content\/uploads\/2025\/01\/image.png?resize=300%2C225&amp;ssl=1 300w, https:\/\/i0.wp.com\/auxmainsdecoco.fr\/wp-content\/uploads\/2025\/01\/image.png?resize=768%2C576&amp;ssl=1 768w, https:\/\/i0.wp.com\/auxmainsdecoco.fr\/wp-content\/uploads\/2025\/01\/image.png?resize=800%2C600&amp;ssl=1 800w, https:\/\/i0.wp.com\/auxmainsdecoco.fr\/wp-content\/uploads\/2025\/01\/image.png?resize=600%2C450&amp;ssl=1 600w, https:\/\/i0.wp.com\/auxmainsdecoco.fr\/wp-content\/uploads\/2025\/01\/image.png?resize=400%2C300&amp;ssl=1 400w, https:\/\/i0.wp.com\/auxmainsdecoco.fr\/wp-content\/uploads\/2025\/01\/image.png?resize=200%2C150&amp;ssl=1 200w, https:\/\/i0.wp.com\/auxmainsdecoco.fr\/wp-content\/uploads\/2025\/01\/image.png?resize=80%2C60&amp;ssl=1 80w, https:\/\/i0.wp.com\/auxmainsdecoco.fr\/wp-content\/uploads\/2025\/01\/image.png?resize=640%2C480&amp;ssl=1 640w, https:\/\/i0.wp.com\/auxmainsdecoco.fr\/wp-content\/uploads\/2025\/01\/image.png?resize=110%2C83&amp;ssl=1 110w\" sizes=\"auto, (max-width: 767px) 100vw, 767px\" \/><\/figure>\n<\/div>\n\n\n<h2 class=\"wp-block-heading alignwide has-text-align-center is-service-name\">Reconnectez-vous et partagez un moment inoubliable et complice<\/h2>\n\n\n\n<p class=\"has-text-align-center is-service-name wp-block-paragraph\"><\/p>\n<\/div><\/div>\n\n\n\n<p class=\"wp-block-paragraph\"><\/p>\n","protected":false},"excerpt":{"rendered":"<p>Apprenez \u00e0 masser \u00e0 travers cet atelier.<\/p>\n","protected":false},"author":128420705,"featured_media":0,"parent":0,"menu_order":0,"comment_status":"closed","ping_status":"closed","template":"","meta":{"_coblocks_attr":"","_coblocks_dimensions":"","_coblocks_responsive_height":"","_coblocks_accordion_ie_support":"","_crdt_document":"","jetpack_post_was_ever_published":false,"footnotes":""},"class_list":["post-3434","page","type-page","status-publish","hentry"],"jetpack_likes_enabled":true,"jetpack_sharing_enabled":true,"jetpack_shortlink":"https:\/\/wp.me\/P9dtEF-To","jetpack-related-posts":[{"id":3458,"url":"https:\/\/auxmainsdecoco.fr\/?page_id=3458","url_meta":{"origin":3434,"position":0},"title":"Contactez Coco et Jess pour vos Ateliers Massage","author":"Aux mains de Coco Massage Ayurv\u00e9dique Soins visage Ifs","date":"23 janvier 2025","format":false,"excerpt":"Contact Contactez-nous pour vos Ateliers Massage ici Bienvenue sur notre page de contact pour r\u00e9server votre atelier massage. Pr\u00e9cisez-nous vous dates pr\u00e9fer\u00e9es et si vous avez des questions, nous vous invitons \u00e0 les formuler ici \u00e9galement. A tr\u00e8s vite . Coco et Jess","rel":"","context":"Article similaire","block_context":{"text":"Article similaire","link":""},"img":{"alt_text":"","src":"https:\/\/i0.wp.com\/auxmainsdecoco.fr\/wp-content\/uploads\/2025\/01\/image-zen-noix-de-coco-sable.png?resize=350%2C200&ssl=1","width":350,"height":200,"srcset":"https:\/\/i0.wp.com\/auxmainsdecoco.fr\/wp-content\/uploads\/2025\/01\/image-zen-noix-de-coco-sable.png?resize=350%2C200&ssl=1 1x, https:\/\/i0.wp.com\/auxmainsdecoco.fr\/wp-content\/uploads\/2025\/01\/image-zen-noix-de-coco-sable.png?resize=525%2C300&ssl=1 1.5x, https:\/\/i0.wp.com\/auxmainsdecoco.fr\/wp-content\/uploads\/2025\/01\/image-zen-noix-de-coco-sable.png?resize=700%2C400&ssl=1 2x"},"classes":[]},{"id":3,"url":"https:\/\/auxmainsdecoco.fr\/","url_meta":{"origin":3434,"position":1},"title":"Contactez Coco et Jess","author":"Aux mains de Coco Massage Ayurv\u00e9dique Soins visage Ifs","date":"25 septembre 2017","format":false,"excerpt":"Prenez contact avec Aux Mains de Coco, votre Institut de Beaut\u00e9 \u00e0 Caen","rel":"","context":"Article similaire","block_context":{"text":"Article similaire","link":""},"img":{"alt_text":"","src":"https:\/\/i0.wp.com\/auxmainsdecoco.fr\/wp-content\/uploads\/2025\/01\/image-zen-noix-de-coco-sable.png?fit=1024%2C768&ssl=1&resize=350%2C200","width":350,"height":200,"srcset":"https:\/\/i0.wp.com\/auxmainsdecoco.fr\/wp-content\/uploads\/2025\/01\/image-zen-noix-de-coco-sable.png?fit=1024%2C768&ssl=1&resize=350%2C200 1x, https:\/\/i0.wp.com\/auxmainsdecoco.fr\/wp-content\/uploads\/2025\/01\/image-zen-noix-de-coco-sable.png?fit=1024%2C768&ssl=1&resize=525%2C300 1.5x, https:\/\/i0.wp.com\/auxmainsdecoco.fr\/wp-content\/uploads\/2025\/01\/image-zen-noix-de-coco-sable.png?fit=1024%2C768&ssl=1&resize=700%2C400 2x"},"classes":[]},{"id":114,"url":"https:\/\/auxmainsdecoco.fr\/?page_id=114","url_meta":{"origin":3434,"position":2},"title":"Les \u00e9pilations","author":"Aux mains de Coco Massage Ayurv\u00e9dique Soins visage Ifs","date":"27 septembre 2017","format":false,"excerpt":"Votre Institut de Beaut\u00e9 bio \u00e0 Caen vous propose des \u00e9pilations \u00e0 base de cire d'origine naturelle et fran\u00e7aise, pour une \u00e9pilation parfaitement douce et adapt\u00e9e aux peaux sensibles.","rel":"","context":"Article similaire","block_context":{"text":"Article similaire","link":""},"img":{"alt_text":"","src":"https:\/\/i0.wp.com\/auxmainsdecoco.fr\/wp-content\/uploads\/2023\/10\/Design-sans-titre.png?fit=960%2C1200&ssl=1&resize=350%2C200","width":350,"height":200,"srcset":"https:\/\/i0.wp.com\/auxmainsdecoco.fr\/wp-content\/uploads\/2023\/10\/Design-sans-titre.png?fit=960%2C1200&ssl=1&resize=350%2C200 1x, https:\/\/i0.wp.com\/auxmainsdecoco.fr\/wp-content\/uploads\/2023\/10\/Design-sans-titre.png?fit=960%2C1200&ssl=1&resize=525%2C300 1.5x, https:\/\/i0.wp.com\/auxmainsdecoco.fr\/wp-content\/uploads\/2023\/10\/Design-sans-titre.png?fit=960%2C1200&ssl=1&resize=700%2C400 2x"},"classes":[]},{"id":229,"url":"https:\/\/auxmainsdecoco.fr\/?page_id=229","url_meta":{"origin":3434,"position":3},"title":"Nous &#038; CGV","author":"Aux mains de Coco Massage Ayurv\u00e9dique Soins visage Ifs","date":"2 octobre 2017","format":false,"excerpt":"Votre Nouvel Institut de beaut\u00e9 \u00e0 Caen","rel":"","context":"Article similaire","block_context":{"text":"Article similaire","link":""},"img":{"alt_text":"","src":"https:\/\/i0.wp.com\/auxmainsdecoco.fr\/wp-content\/uploads\/2023\/08\/c625d-brown-feminine-natural-cosmetics-line-art-logo-2.png?fit=500%2C500&ssl=1&resize=350%2C200","width":350,"height":200},"classes":[]},{"id":413,"url":"https:\/\/auxmainsdecoco.fr\/?page_id=413","url_meta":{"origin":3434,"position":4},"title":"Les Soins Minceur","author":"Aux mains de Coco Massage Ayurv\u00e9dique Soins visage Ifs","date":"3 f\u00e9vrier 2018","format":false,"excerpt":"Le Printemps arrive, sublimez votre corps avec les cures Minceur Bio By Oxalia dans votre Institut de Beaut\u00e9 \u00e0 Caen.","rel":"","context":"Article similaire","block_context":{"text":"Article similaire","link":""},"img":{"alt_text":"","src":"https:\/\/i0.wp.com\/auxmainsdecoco.fr\/wp-content\/uploads\/2018\/10\/palm-1185677_1920.jpg?fit=800%2C1200&ssl=1&resize=350%2C200","width":350,"height":200,"srcset":"https:\/\/i0.wp.com\/auxmainsdecoco.fr\/wp-content\/uploads\/2018\/10\/palm-1185677_1920.jpg?fit=800%2C1200&ssl=1&resize=350%2C200 1x, https:\/\/i0.wp.com\/auxmainsdecoco.fr\/wp-content\/uploads\/2018\/10\/palm-1185677_1920.jpg?fit=800%2C1200&ssl=1&resize=525%2C300 1.5x, https:\/\/i0.wp.com\/auxmainsdecoco.fr\/wp-content\/uploads\/2018\/10\/palm-1185677_1920.jpg?fit=800%2C1200&ssl=1&resize=700%2C400 2x"},"classes":[]},{"id":55,"url":"https:\/\/auxmainsdecoco.fr\/?page_id=55","url_meta":{"origin":3434,"position":5},"title":"Les Massages Bien-\u00eatre","author":"Aux mains de Coco Massage Ayurv\u00e9dique Soins visage Ifs","date":"26 septembre 2017","format":false,"excerpt":"D\u00e9couvrez les massages Bien-\u00eatre ayurv\u00e9diques dans votre Institut de Beaut\u00e9 bio \u00e0 Ifs.","rel":"","context":"Article similaire","block_context":{"text":"Article similaire","link":""},"img":{"alt_text":"","src":"https:\/\/i0.wp.com\/auxmainsdecoco.fr\/wp-content\/uploads\/2021\/06\/aux-mains-de-coco.png?resize=350%2C200","width":350,"height":200,"srcset":"https:\/\/i0.wp.com\/auxmainsdecoco.fr\/wp-content\/uploads\/2021\/06\/aux-mains-de-coco.png?resize=350%2C200 1x, https:\/\/i0.wp.com\/auxmainsdecoco.fr\/wp-content\/uploads\/2021\/06\/aux-mains-de-coco.png?resize=525%2C300 1.5x, https:\/\/i0.wp.com\/auxmainsdecoco.fr\/wp-content\/uploads\/2021\/06\/aux-mains-de-coco.png?resize=700%2C400 2x, https:\/\/i0.wp.com\/auxmainsdecoco.fr\/wp-content\/uploads\/2021\/06\/aux-mains-de-coco.png?resize=1050%2C600 3x"},"classes":[]}],"_links":{"self":[{"href":"https:\/\/auxmainsdecoco.fr\/index.php?rest_route=\/wp\/v2\/pages\/3434","targetHints":{"allow":["GET"]}}],"collection":[{"href":"https:\/\/auxmainsdecoco.fr\/index.php?rest_route=\/wp\/v2\/pages"}],"about":[{"href":"https:\/\/auxmainsdecoco.fr\/index.php?rest_route=\/wp\/v2\/types\/page"}],"author":[{"embeddable":true,"href":"https:\/\/auxmainsdecoco.fr\/index.php?rest_route=\/wp\/v2\/users\/128420705"}],"replies":[{"embeddable":true,"href":"https:\/\/auxmainsdecoco.fr\/index.php?rest_route=%2Fwp%2Fv2%2Fcomments&post=3434"}],"version-history":[{"count":9,"href":"https:\/\/auxmainsdecoco.fr\/index.php?rest_route=\/wp\/v2\/pages\/3434\/revisions"}],"predecessor-version":[{"id":3480,"href":"https:\/\/auxmainsdecoco.fr\/index.php?rest_route=\/wp\/v2\/pages\/3434\/revisions\/3480"}],"wp:attachment":[{"href":"https:\/\/auxmainsdecoco.fr\/index.php?rest_route=%2Fwp%2Fv2%2Fmedia&parent=3434"}],"curies":[{"name":"wp","href":"https:\/\/api.w.org\/{rel}","templated":true}]}}