{"id":1813,"date":"2021-09-10T09:19:52","date_gmt":"2021-09-10T08:19:52","guid":{"rendered":"https:\/\/atomic-temporary-136199285.wpcomstaging.com\/?page_id=1813"},"modified":"2024-01-18T12:40:28","modified_gmt":"2024-01-18T11:40:28","slug":"a-venir-prochainement","status":"publish","type":"page","link":"https:\/\/auxmainsdecoco.fr\/?page_id=1813","title":{"rendered":"Soin HydraFace"},"content":{"rendered":"\n<p class=\"has-text-color has-link-color wp-elements-1cb67ca9627b7580f88746ab07d09b0f wp-block-paragraph\" style=\"color:#759e90\">Le soin visage <a href=\"https:\/\/auxmainsdecoco.fr\/?page_id=1813\">Hydrafacial<\/a> est un soin visage qui allie performance et efficacit\u00e9! <\/p>\n\n\n\n<div class=\"wp-block-group is-vertical is-layout-flex wp-container-core-group-is-layout-4fc3f8e1 wp-block-group-is-layout-flex\">\n<div aria-label=\"Offset Gallery\" class=\"wp-block-coblocks-gallery-offset\"><ul class=\"coblocks-gallery has-no-alignment has-caption-style-dark has-lrg-images has-small-gutter\"><li class=\"coblocks-gallery--item\"><figure class=\"wp-block-coblocks-gallery-offset__figure\"><img data-recalc-dims=\"1\" loading=\"lazy\" decoding=\"async\" width=\"767\" height=\"575\" data-attachment-id=\"2675\" data-permalink=\"https:\/\/auxmainsdecoco.fr\/?attachment_id=2675\" data-orig-file=\"https:\/\/i0.wp.com\/auxmainsdecoco.fr\/wp-content\/uploads\/2023\/09\/242512332_4450646238314764_3214935853188274360_n.png?fit=1024%2C768&amp;ssl=1\" data-orig-size=\"1024,768\" data-comments-opened=\"1\" data-image-meta=\"{&quot;aperture&quot;:&quot;0&quot;,&quot;credit&quot;:&quot;&quot;,&quot;camera&quot;:&quot;&quot;,&quot;caption&quot;:&quot;&quot;,&quot;created_timestamp&quot;:&quot;0&quot;,&quot;copyright&quot;:&quot;&quot;,&quot;focal_length&quot;:&quot;0&quot;,&quot;iso&quot;:&quot;0&quot;,&quot;shutter_speed&quot;:&quot;0&quot;,&quot;title&quot;:&quot;&quot;,&quot;orientation&quot;:&quot;0&quot;}\" data-image-title=\"242512332_4450646238314764_3214935853188274360_n\" data-image-description=\"\" data-image-caption=\"\" data-large-file=\"https:\/\/i0.wp.com\/auxmainsdecoco.fr\/wp-content\/uploads\/2023\/09\/242512332_4450646238314764_3214935853188274360_n.png?fit=767%2C575&amp;ssl=1\" src=\"https:\/\/i0.wp.com\/auxmainsdecoco.fr\/wp-content\/uploads\/2023\/09\/242512332_4450646238314764_3214935853188274360_n.png?resize=767%2C575&#038;ssl=1\" alt=\"\" data-id=\"2675\" data-imglink=\"\" class=\"wp-image-2675\" srcset=\"https:\/\/i0.wp.com\/auxmainsdecoco.fr\/wp-content\/uploads\/2023\/09\/242512332_4450646238314764_3214935853188274360_n.png?w=1024&amp;ssl=1 1024w, https:\/\/i0.wp.com\/auxmainsdecoco.fr\/wp-content\/uploads\/2023\/09\/242512332_4450646238314764_3214935853188274360_n.png?resize=300%2C225&amp;ssl=1 300w, https:\/\/i0.wp.com\/auxmainsdecoco.fr\/wp-content\/uploads\/2023\/09\/242512332_4450646238314764_3214935853188274360_n.png?resize=768%2C576&amp;ssl=1 768w, https:\/\/i0.wp.com\/auxmainsdecoco.fr\/wp-content\/uploads\/2023\/09\/242512332_4450646238314764_3214935853188274360_n.png?resize=800%2C600&amp;ssl=1 800w, https:\/\/i0.wp.com\/auxmainsdecoco.fr\/wp-content\/uploads\/2023\/09\/242512332_4450646238314764_3214935853188274360_n.png?resize=400%2C300&amp;ssl=1 400w, https:\/\/i0.wp.com\/auxmainsdecoco.fr\/wp-content\/uploads\/2023\/09\/242512332_4450646238314764_3214935853188274360_n.png?resize=200%2C150&amp;ssl=1 200w, https:\/\/i0.wp.com\/auxmainsdecoco.fr\/wp-content\/uploads\/2023\/09\/242512332_4450646238314764_3214935853188274360_n.png?resize=507%2C380&amp;ssl=1 507w\" sizes=\"auto, (max-width: 767px) 100vw, 767px\" \/><\/figure><\/li><li class=\"coblocks-gallery--item\"><figure class=\"wp-block-coblocks-gallery-offset__figure\"><img data-recalc-dims=\"1\" loading=\"lazy\" decoding=\"async\" width=\"767\" height=\"575\" data-attachment-id=\"2677\" data-permalink=\"https:\/\/auxmainsdecoco.fr\/?attachment_id=2677\" data-orig-file=\"https:\/\/i0.wp.com\/auxmainsdecoco.fr\/wp-content\/uploads\/2023\/09\/3.png?fit=1024%2C768&amp;ssl=1\" data-orig-size=\"1024,768\" data-comments-opened=\"1\" data-image-meta=\"{&quot;aperture&quot;:&quot;0&quot;,&quot;credit&quot;:&quot;&quot;,&quot;camera&quot;:&quot;&quot;,&quot;caption&quot;:&quot;&quot;,&quot;created_timestamp&quot;:&quot;0&quot;,&quot;copyright&quot;:&quot;&quot;,&quot;focal_length&quot;:&quot;0&quot;,&quot;iso&quot;:&quot;0&quot;,&quot;shutter_speed&quot;:&quot;0&quot;,&quot;title&quot;:&quot;&quot;,&quot;orientation&quot;:&quot;0&quot;}\" data-image-title=\"3\" data-image-description=\"\" data-image-caption=\"\" data-large-file=\"https:\/\/i0.wp.com\/auxmainsdecoco.fr\/wp-content\/uploads\/2023\/09\/3.png?fit=767%2C575&amp;ssl=1\" src=\"https:\/\/i0.wp.com\/auxmainsdecoco.fr\/wp-content\/uploads\/2023\/09\/3.png?resize=767%2C575&#038;ssl=1\" alt=\"\" data-id=\"2677\" data-imglink=\"\" class=\"wp-image-2677\" srcset=\"https:\/\/i0.wp.com\/auxmainsdecoco.fr\/wp-content\/uploads\/2023\/09\/3.png?w=1024&amp;ssl=1 1024w, https:\/\/i0.wp.com\/auxmainsdecoco.fr\/wp-content\/uploads\/2023\/09\/3.png?resize=300%2C225&amp;ssl=1 300w, https:\/\/i0.wp.com\/auxmainsdecoco.fr\/wp-content\/uploads\/2023\/09\/3.png?resize=768%2C576&amp;ssl=1 768w, https:\/\/i0.wp.com\/auxmainsdecoco.fr\/wp-content\/uploads\/2023\/09\/3.png?resize=800%2C600&amp;ssl=1 800w, https:\/\/i0.wp.com\/auxmainsdecoco.fr\/wp-content\/uploads\/2023\/09\/3.png?resize=400%2C300&amp;ssl=1 400w, https:\/\/i0.wp.com\/auxmainsdecoco.fr\/wp-content\/uploads\/2023\/09\/3.png?resize=200%2C150&amp;ssl=1 200w, https:\/\/i0.wp.com\/auxmainsdecoco.fr\/wp-content\/uploads\/2023\/09\/3.png?resize=507%2C380&amp;ssl=1 507w\" sizes=\"auto, (max-width: 767px) 100vw, 767px\" \/><\/figure><\/li><li class=\"coblocks-gallery--item\"><figure class=\"wp-block-coblocks-gallery-offset__figure\"><img data-recalc-dims=\"1\" loading=\"lazy\" decoding=\"async\" width=\"767\" height=\"575\" data-attachment-id=\"2612\" data-permalink=\"https:\/\/auxmainsdecoco.fr\/?attachment_id=2612\" data-orig-file=\"https:\/\/i0.wp.com\/auxmainsdecoco.fr\/wp-content\/uploads\/2021\/09\/2a3ff-2-2.png?fit=1024%2C768&amp;ssl=1\" data-orig-size=\"1024,768\" data-comments-opened=\"0\" data-image-meta=\"{&quot;aperture&quot;:&quot;0&quot;,&quot;credit&quot;:&quot;&quot;,&quot;camera&quot;:&quot;&quot;,&quot;caption&quot;:&quot;&quot;,&quot;created_timestamp&quot;:&quot;0&quot;,&quot;copyright&quot;:&quot;&quot;,&quot;focal_length&quot;:&quot;0&quot;,&quot;iso&quot;:&quot;0&quot;,&quot;shutter_speed&quot;:&quot;0&quot;,&quot;title&quot;:&quot;&quot;,&quot;orientation&quot;:&quot;0&quot;}\" data-image-title=\"2-2\" data-image-description=\"\" data-image-caption=\"\" data-large-file=\"https:\/\/i0.wp.com\/auxmainsdecoco.fr\/wp-content\/uploads\/2021\/09\/2a3ff-2-2.png?fit=767%2C575&amp;ssl=1\" src=\"https:\/\/i0.wp.com\/auxmainsdecoco.fr\/wp-content\/uploads\/2021\/09\/2a3ff-2-2.png?resize=767%2C575&#038;ssl=1\" alt=\"\" data-id=\"2612\" data-imglink=\"\" class=\"wp-image-2612\"\/><\/figure><\/li><\/ul><\/div>\n<\/div>\n\n\n\n<div class=\"wp-block-buttons is-content-justification-center is-layout-flex wp-container-core-buttons-is-layout-fe48e5de wp-block-buttons-is-layout-flex\">\n<div class=\"wp-block-button\"><a class=\"wp-block-button__link has-text-align-center wp-element-button\" href=\"https:\/\/auxmainsdecoco.fr\/?page_id=1673\">Je prends mon RDV en ligne<\/a><\/div>\n<\/div>\n","protected":false},"excerpt":{"rendered":"<p>Soin visage Hydrafacial performant<\/p>\n","protected":false},"author":128420705,"featured_media":1871,"parent":0,"menu_order":0,"comment_status":"closed","ping_status":"closed","template":"","meta":{"_coblocks_attr":"","_coblocks_dimensions":"","_coblocks_responsive_height":"","_coblocks_accordion_ie_support":"","_crdt_document":"","footnotes":""},"class_list":["post-1813","page","type-page","status-publish","has-post-thumbnail","hentry"],"jetpack_likes_enabled":true,"jetpack_sharing_enabled":true,"jetpack_shortlink":"https:\/\/wp.me\/P9dtEF-tf","jetpack-related-posts":[{"id":109,"url":"https:\/\/auxmainsdecoco.fr\/?page_id=109","url_meta":{"origin":1813,"position":0},"title":"Soin Visage Sur-Mesure: Pour une Peau \u00c9clatante","author":"Aux mains de Coco Massage Ayurv\u00e9dique Soins visage Ifs","date":"27 septembre 2017","format":false,"excerpt":"D\u00e9couvrez les soins visage Bio By Oxalia, renouer avec votre Nature... Prenez RDV dans votre Institut de Beaut\u00e9 bio \u00e0 Ifs.","rel":"","context":"Dans &quot;Votre ressenti..&quot;","block_context":{"text":"Votre ressenti..","link":"https:\/\/auxmainsdecoco.fr\/?cat=291297423"},"img":{"alt_text":"","src":"https:\/\/i0.wp.com\/auxmainsdecoco.fr\/wp-content\/uploads\/2024\/09\/image.png?fit=1024%2C768&ssl=1&resize=350%2C200","width":350,"height":200,"srcset":"https:\/\/i0.wp.com\/auxmainsdecoco.fr\/wp-content\/uploads\/2024\/09\/image.png?fit=1024%2C768&ssl=1&resize=350%2C200 1x, https:\/\/i0.wp.com\/auxmainsdecoco.fr\/wp-content\/uploads\/2024\/09\/image.png?fit=1024%2C768&ssl=1&resize=525%2C300 1.5x, https:\/\/i0.wp.com\/auxmainsdecoco.fr\/wp-content\/uploads\/2024\/09\/image.png?fit=1024%2C768&ssl=1&resize=700%2C400 2x"},"classes":[]},{"id":2835,"url":"https:\/\/auxmainsdecoco.fr\/?page_id=2835","url_meta":{"origin":1813,"position":1},"title":"Les Produits Bio By Oxalia","author":"Aux mains de Coco Massage Ayurv\u00e9dique Soins visage Ifs","date":"18 octobre 2023","format":false,"excerpt":"Bio By Oxalia\u00a0est une marque de cosm\u00e9tiques\u00a0fran\u00e7aise certifi\u00e9e\u00a0BIO .Cosm\u00e9tiques biologiques & professionnelsD\u00e9couvrez nos\u00a0produits cosm\u00e9tiques bio\u00a0professionnels : (cr\u00e8me, lotion, huile, s\u00e9rum, gommage, masque\u2026), corps (gommage, enveloppement\u2026), minceur et homme.Performants, les produits sont tr\u00e8s concentr\u00e9s en actifs (plus de 50% d'ingr\u00e9dients BIO et plus de 99 % d'ingr\u00e9dients d'origines naturelles). Ils\u00a0permettent d'apporter\u2026","rel":"","context":"Article similaire","block_context":{"text":"Article similaire","link":""},"img":{"alt_text":"","src":"https:\/\/i0.wp.com\/auxmainsdecoco.fr\/wp-content\/uploads\/2023\/08\/31d81-univers_tentation_fondante-750x500-1.jpg?resize=350%2C200","width":350,"height":200,"srcset":"https:\/\/i0.wp.com\/auxmainsdecoco.fr\/wp-content\/uploads\/2023\/08\/31d81-univers_tentation_fondante-750x500-1.jpg?resize=350%2C200 1x, https:\/\/i0.wp.com\/auxmainsdecoco.fr\/wp-content\/uploads\/2023\/08\/31d81-univers_tentation_fondante-750x500-1.jpg?resize=525%2C300 1.5x, https:\/\/i0.wp.com\/auxmainsdecoco.fr\/wp-content\/uploads\/2023\/08\/31d81-univers_tentation_fondante-750x500-1.jpg?resize=700%2C400 2x"},"classes":[]},{"id":835,"url":"https:\/\/auxmainsdecoco.fr\/?page_id=835","url_meta":{"origin":1813,"position":2},"title":"Soins des Mains et des Pieds","author":"Aux mains de Coco Massage Ayurv\u00e9dique Soins visage Ifs","date":"6 mai 2019","format":false,"excerpt":"Manucure 45\u20ac(limage + cuticules +soin) Soin des Mains : Offrez-vous une v\u00e9ritable manucure avec des produits bio tout doux aux senteurs de mono\u00ef, pour des mains douces et des ongles fortifi\u00e9s! (Limage des ongles, soins des cuticules et des ongles, gommage, enveloppement des mains, pose de base). 60 min 65\u20ac\u2026","rel":"","context":"Article similaire","block_context":{"text":"Article similaire","link":""},"img":{"alt_text":"","src":"https:\/\/i0.wp.com\/auxmainsdecoco.fr\/wp-content\/uploads\/2019\/04\/0008183752e-849x565.png?resize=350%2C200&ssl=1","width":350,"height":200,"srcset":"https:\/\/i0.wp.com\/auxmainsdecoco.fr\/wp-content\/uploads\/2019\/04\/0008183752e-849x565.png?resize=350%2C200&ssl=1 1x, https:\/\/i0.wp.com\/auxmainsdecoco.fr\/wp-content\/uploads\/2019\/04\/0008183752e-849x565.png?resize=525%2C300&ssl=1 1.5x, https:\/\/i0.wp.com\/auxmainsdecoco.fr\/wp-content\/uploads\/2019\/04\/0008183752e-849x565.png?resize=700%2C400&ssl=1 2x"},"classes":[]},{"id":2572,"url":"https:\/\/auxmainsdecoco.fr\/?page_id=2572","url_meta":{"origin":1813,"position":3},"title":"R\u00e9haussement de cils YumiLashes","author":"Aux mains de Coco Massage Ayurv\u00e9dique Soins visage Ifs","date":"6 avril 2023","format":false,"excerpt":"Tarif 65\u20ac Un r\u00e9sultat incroyable pour des cils recourb\u00e9s et prot\u00e9g\u00e9s, tout \u00e7a pour un effet naturel. Produits fran\u00e7ais Pigments vegan Soin \u00e0 la k\u00e9ratine v\u00e9g\u00e9tale Osez ! Nous on adoooore !!!","rel":"","context":"Article similaire","block_context":{"text":"Article similaire","link":""},"img":{"alt_text":"","src":"https:\/\/i0.wp.com\/auxmainsdecoco.fr\/wp-content\/uploads\/2023\/08\/3f709-20230406_135520_0000-1.png?fit=1080%2C1080&ssl=1&resize=350%2C200","width":350,"height":200,"srcset":"https:\/\/i0.wp.com\/auxmainsdecoco.fr\/wp-content\/uploads\/2023\/08\/3f709-20230406_135520_0000-1.png?fit=1080%2C1080&ssl=1&resize=350%2C200 1x, https:\/\/i0.wp.com\/auxmainsdecoco.fr\/wp-content\/uploads\/2023\/08\/3f709-20230406_135520_0000-1.png?fit=1080%2C1080&ssl=1&resize=525%2C300 1.5x, https:\/\/i0.wp.com\/auxmainsdecoco.fr\/wp-content\/uploads\/2023\/08\/3f709-20230406_135520_0000-1.png?fit=1080%2C1080&ssl=1&resize=700%2C400 2x, https:\/\/i0.wp.com\/auxmainsdecoco.fr\/wp-content\/uploads\/2023\/08\/3f709-20230406_135520_0000-1.png?fit=1080%2C1080&ssl=1&resize=1050%2C600 3x"},"classes":[]},{"id":413,"url":"https:\/\/auxmainsdecoco.fr\/?page_id=413","url_meta":{"origin":1813,"position":4},"title":"Les Soins Minceur","author":"Aux mains de Coco Massage Ayurv\u00e9dique Soins visage Ifs","date":"3 f\u00e9vrier 2018","format":false,"excerpt":"Le Printemps arrive, sublimez votre corps avec les cures Minceur Bio By Oxalia dans votre Institut de Beaut\u00e9 \u00e0 Caen.","rel":"","context":"Article similaire","block_context":{"text":"Article similaire","link":""},"img":{"alt_text":"","src":"https:\/\/i0.wp.com\/auxmainsdecoco.fr\/wp-content\/uploads\/2018\/10\/palm-1185677_1920.jpg?fit=800%2C1200&ssl=1&resize=350%2C200","width":350,"height":200,"srcset":"https:\/\/i0.wp.com\/auxmainsdecoco.fr\/wp-content\/uploads\/2018\/10\/palm-1185677_1920.jpg?fit=800%2C1200&ssl=1&resize=350%2C200 1x, https:\/\/i0.wp.com\/auxmainsdecoco.fr\/wp-content\/uploads\/2018\/10\/palm-1185677_1920.jpg?fit=800%2C1200&ssl=1&resize=525%2C300 1.5x, https:\/\/i0.wp.com\/auxmainsdecoco.fr\/wp-content\/uploads\/2018\/10\/palm-1185677_1920.jpg?fit=800%2C1200&ssl=1&resize=700%2C400 2x"},"classes":[]},{"id":3046,"url":"https:\/\/auxmainsdecoco.fr\/?page_id=3046","url_meta":{"origin":1813,"position":5},"title":"Minceur Mad\u00e9roth\u00e9rapie et Pressoth\u00e9rapie","author":"Aux mains de Coco Massage Ayurv\u00e9dique Soins visage Ifs","date":"11 mars 2024","format":false,"excerpt":"","rel":"","context":"Article similaire","block_context":{"text":"Article similaire","link":""},"img":{"alt_text":"","src":"https:\/\/i0.wp.com\/auxmainsdecoco.fr\/wp-content\/uploads\/2025\/01\/Photo-Centric-Beauty-Price-List-Instagram-Story.png?resize=350%2C200&ssl=1","width":350,"height":200,"srcset":"https:\/\/i0.wp.com\/auxmainsdecoco.fr\/wp-content\/uploads\/2025\/01\/Photo-Centric-Beauty-Price-List-Instagram-Story.png?resize=350%2C200&ssl=1 1x, https:\/\/i0.wp.com\/auxmainsdecoco.fr\/wp-content\/uploads\/2025\/01\/Photo-Centric-Beauty-Price-List-Instagram-Story.png?resize=525%2C300&ssl=1 1.5x, https:\/\/i0.wp.com\/auxmainsdecoco.fr\/wp-content\/uploads\/2025\/01\/Photo-Centric-Beauty-Price-List-Instagram-Story.png?resize=700%2C400&ssl=1 2x, https:\/\/i0.wp.com\/auxmainsdecoco.fr\/wp-content\/uploads\/2025\/01\/Photo-Centric-Beauty-Price-List-Instagram-Story.png?resize=1050%2C600&ssl=1 3x"},"classes":[]}],"_links":{"self":[{"href":"https:\/\/auxmainsdecoco.fr\/index.php?rest_route=\/wp\/v2\/pages\/1813","targetHints":{"allow":["GET"]}}],"collection":[{"href":"https:\/\/auxmainsdecoco.fr\/index.php?rest_route=\/wp\/v2\/pages"}],"about":[{"href":"https:\/\/auxmainsdecoco.fr\/index.php?rest_route=\/wp\/v2\/types\/page"}],"author":[{"embeddable":true,"href":"https:\/\/auxmainsdecoco.fr\/index.php?rest_route=\/wp\/v2\/users\/128420705"}],"replies":[{"embeddable":true,"href":"https:\/\/auxmainsdecoco.fr\/index.php?rest_route=%2Fwp%2Fv2%2Fcomments&post=1813"}],"version-history":[{"count":9,"href":"https:\/\/auxmainsdecoco.fr\/index.php?rest_route=\/wp\/v2\/pages\/1813\/revisions"}],"predecessor-version":[{"id":2965,"href":"https:\/\/auxmainsdecoco.fr\/index.php?rest_route=\/wp\/v2\/pages\/1813\/revisions\/2965"}],"wp:featuredmedia":[{"embeddable":true,"href":"https:\/\/auxmainsdecoco.fr\/index.php?rest_route=\/wp\/v2\/media\/1871"}],"wp:attachment":[{"href":"https:\/\/auxmainsdecoco.fr\/index.php?rest_route=%2Fwp%2Fv2%2Fmedia&parent=1813"}],"curies":[{"name":"wp","href":"https:\/\/api.w.org\/{rel}","templated":true}]}}